{"id":363,"date":"2018-12-17T17:56:09","date_gmt":"2018-12-17T17:56:09","guid":{"rendered":"https:\/\/fb-klub.cz\/billiard\/?page_id=363"},"modified":"2023-01-20T09:38:30","modified_gmt":"2023-01-20T09:38:30","slug":"tago-pro-hosta","status":"publish","type":"page","link":"https:\/\/fb-klub.cz\/billiard\/tago-pro-hosta\/","title":{"rendered":"T\u00e1go pro hosta"},"content":{"rendered":"<p><span style=\"font-size: 14pt;\">Rozhovory s v\u00fdznamn\u00fdmi osobnostmi, kter\u00e9 ovlivnil \u017eivot, pr\u00e1ce a tvorba.<\/span><\/p>\n<p><strong>16. 12. 2018 &#8211; Mons. Jan Graubner, arcibiskup olomouck\u00fd a metropolita moravsk\u00fd<\/strong><\/p>\n<p><strong>21. 2. 2019 &#8211; MUDr. Lum\u00edr Kantor, Ph.D., d\u011btsk\u00fd l\u00e9ka\u0159, soudn\u00ed znalec, vysoko\u0161kolsk\u00fd pedagog, skaut, sen\u00e1tor a prim\u00e1\u0159 novorozeneck\u00e9ho odd\u011blen\u00ed v Olomouci<\/strong><\/p>\n<p><strong>25. 4. 2019 &#8211; P. ICLic. Mgr. Marian Ji\u0159\u00ed Husek OPraem., kn\u011bz a \u0159eholn\u00edk premonstr\u00e1t, horolezec, pot\u00e1p\u011b\u010d, letec\u00a0<\/strong><\/p>\n<p><strong>15. 12. 2019 &#8211; Mons. Josef Hrdli\u010dka, emeritn\u00ed biskup olomouck\u00fd, titul\u00e1rn\u00ed biskup thunudrumsk\u00fd, b\u00e1sn\u00edk, p\u0159ekladatel a hudebn\u00ed texta\u0159<\/strong><\/p>\n<p><strong>18.12.2022 Mons. Anton\u00edn Basler, pomocn\u00fd biskup a kancl\u00e9\u0159 Arcibiskupstv\u00ed olomouck\u00e9ho<\/strong><\/p>\n","protected":false},"excerpt":{"rendered":"<p>Rozhovory s v\u00fdznamn\u00fdmi osobnostmi, kter\u00e9 ovlivnil \u017eivot, pr\u00e1ce a tvorba. 16. 12. 2018 &#8211; Mons. Jan Graubner, arcibiskup olomouck\u00fd a metropolita moravsk\u00fd 21. 2. 2019 &#8211; MUDr. Lum\u00edr Kantor, Ph.D., d\u011btsk\u00fd l\u00e9ka\u0159, soudn\u00ed znalec, vysoko\u0161kolsk\u00fd pedagog, skaut, sen\u00e1tor a prim\u00e1\u0159 novorozeneck\u00e9ho odd\u011blen\u00ed v Olomouci 25. 4. 2019 &#8211; P. ICLic. Mgr. Marian Ji\u0159\u00ed Husek OPraem., &hellip; <a href=\"https:\/\/fb-klub.cz\/billiard\/tago-pro-hosta\/\" class=\"more-link\">Pokra\u010dov\u00e1n\u00ed textu <span class=\"screen-reader-text\">T\u00e1go pro hosta<\/span><\/a><\/p>\n","protected":false},"author":3,"featured_media":0,"parent":0,"menu_order":0,"comment_status":"closed","ping_status":"closed","template":"","meta":{"spay_email":""},"jetpack_sharing_enabled":true,"jetpack_shortlink":"https:\/\/wp.me\/PawfXv-5R","_links":{"self":[{"href":"https:\/\/fb-klub.cz\/billiard\/wp-json\/wp\/v2\/pages\/363"}],"collection":[{"href":"https:\/\/fb-klub.cz\/billiard\/wp-json\/wp\/v2\/pages"}],"about":[{"href":"https:\/\/fb-klub.cz\/billiard\/wp-json\/wp\/v2\/types\/page"}],"author":[{"embeddable":true,"href":"https:\/\/fb-klub.cz\/billiard\/wp-json\/wp\/v2\/users\/3"}],"replies":[{"embeddable":true,"href":"https:\/\/fb-klub.cz\/billiard\/wp-json\/wp\/v2\/comments?post=363"}],"version-history":[{"count":6,"href":"https:\/\/fb-klub.cz\/billiard\/wp-json\/wp\/v2\/pages\/363\/revisions"}],"predecessor-version":[{"id":584,"href":"https:\/\/fb-klub.cz\/billiard\/wp-json\/wp\/v2\/pages\/363\/revisions\/584"}],"wp:attachment":[{"href":"https:\/\/fb-klub.cz\/billiard\/wp-json\/wp\/v2\/media?parent=363"}],"curies":[{"name":"wp","href":"https:\/\/api.w.org\/{rel}","templated":true}]}}

Tágo pro hosta

<p><span style="font-size: 14pt;">Rozhovory s významnými osobnostmi, které ovlivnil život, práce a tvorba.</span></p>
<p><strong>16. 12. 2018 &#8211; Mons. Jan Graubner, arcibiskup olomoucký a metropolita moravský</strong></p>
<p><strong>21. 2. 2019 &#8211; MUDr. Lumír Kantor, Ph.D., dětský lékař, soudní znalec, vysokoškolský pedagog, skaut, senátor a primář novorozeneckého oddělení v Olomouci</strong></p>
<p><strong>25. 4. 2019 &#8211; P. ICLic. Mgr. Marian Jiří Husek OPraem., kněz a řeholník premonstrát, horolezec, potápěč, letec </strong></p>
<p><strong>15. 12. 2019 &#8211; Mons. Josef Hrdlička, emeritní biskup olomoucký, titulární biskup thunudrumský, básník, překladatel a hudební textař</strong></p>
<p><strong>18.12.2022 Mons. Antonín Basler, pomocný biskup a kancléř Arcibiskupství olomouckého</strong></p>

<p>Rozhovory s významnými osobnostmi, které ovlivnil život, práce a tvorba. 16. 12. 2018 &#8211; Mons. Jan Graubner, arcibiskup olomoucký a metropolita moravský 21. 2. 2019 &#8211; MUDr. Lumír Kantor, Ph.D., dětský lékař, soudní znalec, vysokoškolský pedagog, skaut, senátor a primář novorozeneckého oddělení v Olomouci 25. 4. 2019 &#8211; P. ICLic. Mgr. Marian Jiří Husek OPraem., &hellip; <a href="https://fb-klub.cz/billiard/tago-pro-hosta/" class="more-link">Pokračování textu <span class="screen-reader-text">Tágo pro hosta</span></a></p>
